 189?
188
Calculate the remainder when 157626 is divided by 34.
2
What is the remainder when 935412 is divided by 15?
12
What is the remainder when 2105 is divided by 351?
350
Calculate the remainder when 56978 is divided by 37.
35
Calculate the remainder when 157477 is divided by 71.
70
What is the remainder when 8581 is divided by 2858?
7
Calculate the remainder when 5136 is divided by 1569.
429
What is the remainder when 674633 is divided by 224853?
74
Calculate the remainder when 724892 is divided by 24.
20
Calculate the remainder when 1538 is divided by 477.
107
What is the remainder when 206866 is divided by 98?
86
What is the remainder when 33322 is divided by 340?
2
Calculate the remainder when 33010 is divided by 396.
142
Calculate the remainder when 50744 is divided by 108.
92
What is the remainder when 175449 is divided by 412?
349
What is the remainder when 762 is divided by 1?
0
Calculate the remainder when 4265898 is divided by 18.
6
Calculate the remainder when 14909 is divided by 68.
17
What is the remainder when 18191 is divided by 1395?
56
What is the remainder when 220733 is divided by 34?
5
Calculate the remainder when 157972 is divided by 14361.
1
What is the remainder when 10584 is divided by 529?
4
What is the remainder when 5772 is divided by 282?
132
Calculate the remainder when 192697 is divided by 418.
417
Calculate the remainder when 5171 is divided by 368.
19
Calculate the remainder when 1094407 is divided by 136.
15
Calculate the remainder when 128654 is divided by 41.
37
Calculate the remainder when 786 is divided by 667.
119
What is the remainder when 1024262 is divided by 73?
72
What is the remainder when 246997 is divided by 82332?
1
Calculate the remainder when 889370 is divided by 80.
10
What is the remainder when 804 is divided by 803?
1
Calculate the remainder when 19807 is divided by 3935.
132
What is the remainder when 6074 is divided by 6046?
28
What is the remainder when 784167 is divided by 32?
7
Calculate the remainder when 12089 is divided by 189.
182
Calculate the remainder when 155787 is divided by 65.
47
Calculate the remainder when 43176 is divided by 1028.
0
What is the remainder when 5709797 is divided by 27?
26
What is the remainder when 3492 is divided by 253?
203
Calculate the remainder when 557 is divided by 25.
7
Calculate the remainder when 122016 is divided by 7.
6
What is the remainder when 43058 is divided by 1957?
4
What is the remainder when 151413 is divided by 55?
53
Calculate the remainder when 14878 is divided by 2123.
17
What is the remainder when 132453 is divided by 33?
24
What is the remainder when 4307 is divided by 1912?
483
What is the remainder when 23903 is divided by 241?
44
Calculate the remainder when 4670 is divided by 2330.
10
What is the remainder when 12112 is divided by 56?
16
What is the remainder when 170478 is divided by 139?
64
What is the remainder when 1590 is divided by 313?
25
Calculate the remainder when 2196160 is divided by 34.
32
Calculate the remainder when 171250 is divided by 189.
16
Calculate the remainder when 59246 is divided by 1058.
1056
Calculate the remainder when 98171 is divided by 119.
115
What is the remainder when 3673 is divided by 91?
33
Calculate the remainder when 77276 is divided by 284.
28
Calculate the remainder when 52793 is divided by 4398.
17
What is the remainder when 5633 is divided by 52?
17
What is the remainder when 3856 is divided by 3587?
269
Calculate the remainder when 29079 is divided by 3230.
9
What is the remainder when 2082 is divided by 1854?
228
Calculate the remainder when 1426869 is divided by 78.
15
What is the remainder when 4930 is divided by 1210?
90
Calculate the remainder when 14904 is divided by 775.
179
Calculate the remainder when 399258 is divided by 199629.
0
What is the remainder when 113994 is divided by 240?
234
Calculate the remainder when 745748 is divided by 250.
248
Calculate the remainder when 2023 is divided by 1010.
3
What is the remainder when 2765 is divided by 399?
371
What is the remainder when 20497 is divided by 10243?
11
What is the remainder when 60084 is divided by 871?
856
What is the remainder when 4938 is divided by 4869?
69
What is the remainder when 3851 is divided by 257?
253
What is the remainder when 66355 is divided by 14?
9
What is the remainder when 14431 is divided by 14420?
11
Calculate the remainder when 697 is divided by 131.
42
Calculate the remainder when 9490 is divided by 15.
10
Calculate the remainder when 91318 is divided by 15.
13
What is the remainder when 1876 is divided by 55?
6
What is the remainder when 8431 is divided by 8384?
47
What is the remainder when 1685 is divided by 82?
45
What is the remainder when 18377 is divided by 14?
9
Calculate the remainder when 44553 is divided by 886.
253
What is the remainder when 6815 is divided by 5?
0
Calculate the remainder when 163420 is divided by 120.
100
What is the remainder when 19498 is divided by 476?
458
What is the remainder when 1083409 is divided by 261?
259
What is the remainder when 2602 is divided by 825?
127
What is the remainder when 3785 is divided by 1561?
663
What is the remainder when 32918 is divided by 531?
527
Calculate the remainder when 163 is divided by 160.
3
What is the remainder when 11418 is divided by 33?
0
What is the remainder when 22337 is divided by 11028?
281
What is the remainder when 6243 is divided by 415?
18
What is the remainder when 1528 is divided by 330?
208
What is the remainder when 581 is divided by 216?
149
Calculate the remainder when 624 is divided by 57.
54
What is the remainder when 185545 is divided by 23185?
65
What is the remainder when 11142 is divided by 5458?
226
What is the remainder when 4185 is divided by 58?
9
What is the remainder when 5531 is divided by 2347?
837
Calculate the remainder when 6952 is divided by 2309.
25
What is the remainder when 647 is divided by 88?
31
What is the remainder when 336636 is divided by 2902?
4
Calculate the remainder when 106269 is divided by 432.
429
Calculate the remainder when 63989 is divided by 395.
394
Calculate the remainder when 4561 is divided by 2229.
103
Calculate the remainder when 16055 is divided by 250.
55
Calculate the remainder when 14678 is divided by 14177.
501
Calculate the remainder when 142561 is divided by 2227.
33
Calculate the remainder when 8077 is divided by 5.
2
Calculate the remainder when 276216 is divided by 381.
372
Calculate the remainder when 422267 is divided by 540.
527
Calculate the remainder when 31823 is divided by 312.
311
Calculate the remainder when 328944 is divided by 336.
0
What is the remainder when 61709 is divided by 232?
229
What is the remainder when 140717 is divided by 43?
21
Calculate the remainder when 3878 is divided by 826.
574
What is the remainder when 8063925 is divided by 444?
441
What is the remainder when 1045 is divided by 267?
244
What is the remainder when 36368 is divided by 140?
108
Calculate the remainder when 151607 is divided by 38.
25
What is the remainder when 172757 is divided by 7?
4
Calculate the remainder when 2763 is divided by 1066.
631
What is the remainder when 9276 is divided by 51?
45
Calculate the remainder when 439885 is divided by 165.
160
Calculate the remainder when 147526 is divided by 18.
16
Calculate the remainder when 10204 is divided by 5087.
30
Calculate the remainder when 221083 is divided by 51.
49
Calculate the remainder when 14732 is divided by 475.
7
Calculate the remainder when 3355 is divided by 1351.
653
What is the remainder when 31890 is divided by 50?
40
What is the remainder when 1437 is divided by 59?
21
What is the remainder when 670655 is divided by 336?
335
Calculate the remainder when 15261 is divided by 1959.
1548
What is the remainder when 29285 is divided by 29?
24
What is the remainder when 283232 is divided by 57?
56
Calculate the remainder when 1015 is divided by 70.
35
Calculate the remainder when 4943 is divided by 198.
191
Calculate the remainder when 2151 is divided by 292.
107
What is the remainder when 78106 is divided by 310?
296
What is the remainder when 5073 is divided by 671?
376
What is the remainder when 11687 is divided by 10?
7
Calculate the remainder when 27636 is divided by 3070.
6